s the remainder when 386355 is divided by 805?
760
What is the remainder when 2126 is divided by 654?
164
What is the remainder when 732656 is divided by 405?
11
What is the remainder when 4252 is divided by 299?
66
Calculate the remainder when 4321 is divided by 863.
6
What is the remainder when 6612254 is divided by 65?
64
Calculate the remainder when 22411 is divided by 29.
23
What is the remainder when 2030 is divided by 7?
0
Calculate the remainder when 36043 is divided by 1896.
19
What is the remainder when 6868 is divided by 1232?
708
Calculate the remainder when 24801 is divided by 36.
33
What is the remainder when 848210 is divided by 507?
506
What is the remainder when 16315 is divided by 48?
43
What is the remainder when 268750 is divided by 11?
9
Calculate the remainder when 8378 is divided by 594.
62
What is the remainder when 20477 is divided by 136?
77
What is the remainder when 2136 is divided by 78?
30
Calculate the remainder when 3886 is divided by 486.
484
What is the remainder when 137935 is divided by 233?
232
What is the remainder when 270473 is divided by 14?
7
What is the remainder when 13966 is divided by 282?
148
What is the remainder when 360657 is divided by 15?
12
Calculate the remainder when 54455 is divided by 125.
80
What is the remainder when 10714 is divided by 10691?
23
Calculate the remainder when 358172 is divided by 492.
488
What is the remainder when 7186 is divided by 674?
446
Calculate the remainder when 2325 is divided by 2320.
5
Calculate the remainder when 245222 is divided by 151.
149
What is the remainder when 10836 is divided by 93?
48
What is the remainder when 4640 is divided by 4610?
30
What is the remainder when 18751 is divided by 331?
215
What is the remainder when 4604 is divided by 90?
14
Calculate the remainder when 253022 is divided by 29.
26
Calculate the remainder when 3550 is divided by 1054.
388
Calculate the remainder when 1891 is divided by 166.
65
What is the remainder when 15248 is divided by 142?
54
What is the remainder when 30509 is divided by 820?
169
What is the remainder when 18099 is divided by 25?
24
What is the remainder when 217706 is divided by 7?
6
What is the remainder when 422162 is divided by 28?
6
What is the remainder when 13081 is divided by 110?
101
What is the remainder when 30243 is divided by 13?
5
What is the remainder when 18227 is divided by 372?
371
What is the remainder when 79688 is divided by 39842?
4
Calculate the remainder when 12678 is divided by 302.
296
What is the remainder when 85448 is divided by 1469?
246
Calculate the remainder when 14649 is divided by 1627.
6
Calculate the remainder when 24062 is divided by 3426.
80
Calculate the remainder when 54050 is divided by 1257.
1256
Calculate the remainder when 5217 is divided by 133.
30
Calculate the remainder when 31976 is divided by 544.
424
What is the remainder when 155720 is divided by 1266?
2
What is the remainder when 4068 is divided by 1323?
99
Calculate the remainder when 6595 is divided by 537.
151
What is the remainder when 6756 is divided by 1902?
1050
What is the remainder when 121976 is divided by 11086?
30
What is the remainder when 7647 is divided by 1044?
339
Calculate the remainder when 6962 is divided by 104.
98
What is the remainder when 756 is divided by 371?
14
Calculate the remainder when 1311 is divided by 1213.
98
Calculate the remainder when 793 is divided by 108.
37
Calculate the remainder when 9463 is divided by 857.
36
Calculate the remainder when 6061 is divided by 145.
116
Calculate the remainder when 2801 is divided by 1390.
21
What is the remainder when 16289 is divided by 29?
20
What is the remainder when 37753 is divided by 429?
1
What is the remainder when 372096 is divided by 53147?
67
Calculate the remainder when 2938 is divided by 484.
34
Calculate the remainder when 117385 is divided by 14671.
17
Calculate the remainder when 4807 is divided by 48.
7
Calculate the remainder when 281993 is divided by 572.
569
What is the remainder when 6071 is divided by 1583?
1322
What is the remainder when 1727 is divided by 346?
343
Calculate the remainder when 1123 is divided by 225.
223
What is the remainder when 4591 is divided by 310?
251
What is the remainder when 3953 is divided by 1254?
191
What is the remainder when 3594 is divided by 1783?
28
What is the remainder when 20765 is divided by 78?
17
What is the remainder when 54318 is divided by 362?
18
Calculate the remainder when 208594 is divided by 13.
9
Calculate the remainder when 1717 is divided by 1362.
355
What is the remainder when 2089 is divided by 65?
9
Calculate the remainder when 52155 is divided by 40.
35
What is the remainder when 4331 is divided by 1261?
548
Calculate the remainder when 6496 is divided by 18.
16
Calculate the remainder when 172362 is divided by 43087.
14
What is the remainder when 6371 is divided by 17?
13
Calculate the remainder when 8468 is divided by 353.
349
Calculate the remainder when 1272 is divided by 5.
2
Calculate the remainder when 143339 is divided by 3981.
23
Calculate the remainder when 139414 is divided by 637.
548
What is the remainder when 1570367 is divided by 192?
191
What is the remainder when 9332 is divided by 9?
8
Calculate the remainder when 342929 is divided by 497.
496
Calculate the remainder when 418075 is divided by 14.
7
Calculate the remainder when 1036395 is divided by 246.
243
Calculate the remainder when 5884 is divided by 471.
232
Calculate the remainder when 110595 is divided by 97.
15
Calculate the remainder when 1322 is divided by 127.
52
Calculate the remainder when 104252 is divided by 104249.
3
Calculate the remainder when 4319680 is divided by 17.
14
What is the remainder when 153516 is divided by 637?
636
Calculate the remainder when 67833 is divided by 8467.
97
What is the remainder when 889 is divided by 876?
13
Calculate the remainder when 3183 is divided by 3095.
88
What is the remainder when 7667 is divided by 224?
51
Calculate the remainder when 9897 is divided by 549.
15
Calculate the remainder when 288051 is divided by 48008.
3
Calculate the remainder when 471 is divided by 446.
25
What is the remainder when 18751 is divided by 693?
40
Calculate the remainder when 5188 is divided by 52.
40
Calculate the remainder when 36043 is divided by 12011.
10
Calculate the remainder when 1242 is divided by 78.
72
What is the remainder when 42937 is divided by 21459?
19
What is the remainder when 18332 is divided by 199?
24
What is the remainder when 163759 is divided by 344?
15
Calculate the remainder when 58496 is divided by 390.
386
Calculate the remainder when 18523 is divided by 29.
21
What is the remainder when 2995 is divided by 74?
35
What is the remainder when 16167 is divided by 49?
46
What is the remainder when 976 is divided by 198?
184
Calculate the remainder when 90096 is divided by 1170.
6
What is the remainder when 3913 is divided by 393?
376
What is the remainder when 325032 is divided by 45?
42
Calculate the remainder when 40427 is divided by 40281.
146
What is the remainder when 241200 is divided by 9274?
76
What is the remainder when 46572 is divided by 1856?
172
Calculate the remainder when 4341 is divided by 540.
21
What is the remainder when 5425 is divided by 302?
291
What is the remainder when 19140 is divided by 1007?
7
What is the remainder when 26015 is divided by 1040?
15
Calculate the remainder when 8925 is divided by 79.
77
Calculate the remainder when 7076 is divided by 3517.
42
What is the remainder when 107227 is divided by 93?
91
Calculate the remainder when 820 is divided by 213.
181
What is the remainder when 1522 is divided by 1512?
10
Calculate the remainder when 22896 is divided by 11430.
36
Calculate the remainder when 1437 is divided by 474.
15
Calculate the remainder when 2008 is divided by 201.
199
What is the remainder when 391 is divided by 117?
40
What is the remainder when 17246 is divided by 6?
2
What is the remainder when 21380 is divided by 21?
2
What is the remainder when 203114 is divided by 203114?
0
Calculate the remainder when 5824 is divided by 2708.
408
What is the remainder when 19051 is divided by 49?
39
What is the remainder when 4768 is divided by 33?
16
Calculate the remainder when